= -x. Let k = 29515 + x. Is k composite?
True
Let q be (-4545000)/324 - 2/9. Let a = q + 26827. Is a composite?
False
Let t = -11 - -11. Suppose 3*g + 2*i + 16 = t, 3*g + 15 = -4*i + 1. Is (-7806)/(-15) + g/(-10) a prime number?
True
Let z be 6 - 1 - (-35775)/(-5). Let m = -3515 - z. Is m composite?
True
Suppose g - 117 = -389. Let j(n) = n**3 + 48*n**2 - 154*n + 198. Let p be j(-51). Let f = p - g. Is f prime?
True
Let x(j) = -j**2 - 12*j - 12. Let m be x(-4). Suppose 0 = m*b - 13*b + 777. Let w = 202 + b. Is w a prime number?
False
Let x(h) be the second derivative of -152*h**3/3 + 25*h**2/2 - 3*h + 3. Is x(-1) composite?
True
Let k = 11 - 6. Suppose k*z - 53 = -33. Suppose 5*o - 3074 = -z*c + 3*o, -c + 765 = 4*o. Is c a composite number?
False
Let b(o) be the first derivative of -2*o**3/3 - 5*o**2 - 27*o - 30. Let i be b(19). Is i/(-45) + (-1)/(-15)*2 composite?
True
Let w be 1*16 - (38 + -35). Suppose -w*t - 4451 = -14*t. Is t composite?
False
Suppose 1759144 = -698*v + 706*v. Is v prime?
False
Suppose q + 15 = -i, 23 = -q - 0*q + 3*i. Let y(a) = 176*a**2 + a + 142. Is y(q) a composite number?
False
Let s(p) = 407*p**2 + 144*p - 1687. Is s(12) a composite number?
True
Suppose 8*i - 736 = -256. Let z be ((-105)/i)/((-1)/(0 - 20)). Is (-1126)/(2*5/z) a composite number?
True
Let c = -13064 + -2945. Let d = 29844 + c. Is d prime?
False
Let y(d) = d**3 + d**2 - d + 1. Let w(z) = 3*z**3 + z**2 - 3*z + 7. Let j(x) = -w(x) + 2*y(x). Let q be j(0). Is 1*(-4 - q)*439 prime?
True
Let l(w) = 118*w**2 - 14*w + 11. Let n be l(9). Let j = n - 4288. Is j prime?
False
Suppose -29 - 35 = 2*p - 4*w, p + 39 = -5*w. Let n = p - -34. Suppose s - 2*s - 4*a = -419, s - 4*a - 395 = n. Is s a composite number?
True
Let j = 26554 - -46305. Is j prime?
True
Let i(t) = -t**3 + 35*t**2 - 133*t - 607. Is i(-78) prime?
True
Let u = 11 + -431. Suppose 0 = 3*q + 291 + 1848. Let b = u - q. Is b prime?
True
Let n(r) = -2*r**2 - 20*r - 4. Let l = -9 + -1. Let c be n(l). Is -3 + 70 - c - -3 a composite number?
True
Let z(c) = -c**2 + 34*c - 76. Let q(i) = -i**3 + 6*i**2 + 5*i - 5. Let j be q(6). Is z(j) a prime number?
True
Is 12*(-107290)/(-40)*15/9 a composite number?
True
Let q(o) = 3*o - 14. Let n be q(6). Suppose 2*s - 4*s = 0. Suppose -4 = -n*z, s*l - 2456 = -4*l - 4*z. Is l a prime number?
True
Let d = 156143 + -81472. Is d composite?
True
Let f be 86*(-8)/(128/24). Let v = f + 2230. Is v a prime number?
False
Is 21/(-9)*312/2548 - (-852903)/7 prime?
True
Let f = 909132 + -526595. Is f prime?
False
Is 7475756/6 + (13 - 884/78) composite?
False
Suppose -3*n + 24 = -0*n. Suppose 0 = -2*w + 8 - 4, 0 = -5*b - w + 2. Suppose b*a = n*a - 8344. Is a composite?
True
Let l(j) = 3*j - 7. Let f be l(3). Suppose d - 5*d + 21608 = 5*k, f*k = -2*d + 10806. Is d composite?
False
Let r(c) = 2*c**2 + 3*c - 3. Let h be r(1). Suppose 2*s + g - 30 = 0, -2*s - 4*g + 68 = h*s. Suppose 0 = -s*y - 0*y + 2873. Is y prime?
False
Let t = 118 + -113. Suppose 0 = -j + 2, 2*j = -t*i + j + 12. Suppose 6*w = 4*w - 10, -i*f = w - 4599. Is f a prime number?
False
Let b(h) = h**2 + 48*h + 43. Suppose -103 = -11*g - 389. Let u be b(g). Let d = u - -1160. Is d a prime number?
True
Suppose 2*r - 159 = -r - 4*c, -4*r + c = -193. Let f(h) = -47*h + 101*h + h**2 - 9 - r*h. Is f(30) composite?
True
Suppose 9650*x = 9634*x + 18115568. Is x a composite number?
False
Let n(r) = 10 - 5 + 35 + 82 + 497*r. Is n(21) a prime number?
True
Let y = 50636 + -31473. Is y a prime number?
True
Suppose 4*a = 4*r + 2*a - 20, -a - 19 = -5*r. Suppose -5*g - 10327 = -r*m, 9*m - 17225 = 4*m + 5*g. Is m a prime number?
True
Suppose -216*c + 220*c - 84292 = 0. Suppose -13421 = -6*q + c. Is q composite?
False
Let l = 319731 - 152170. Is l a prime number?
False
Is (-542602818)/(-957) + ((-20)/4)/55 a prime number?
False
Suppose 0 = -3*p + 3, -x + 0*x + 2*p + 2 = 0. Suppose -6*m + 806 = 5*t - 3*m, -x*t - 4*m + 640 = 0. Is t composite?
False
Let k = -119668 + 216621. Is k a prime number?
True
Suppose -129*n - 12 = -132*n, -130296 = -4*t - 5*n. Is t prime?
True
Let t(c) = 229*c**2 + c + 1. Let s be t(3). Let d = 6 - 1. Suppose 0*p = d*p - s. Is p a prime number?
False
Let m = -64 - -67. Suppose -m*v - 8*c + 3888 = -6*c, -5*c = 3*v - 3897. Is v a prime number?
False
Let d = -743 - -752. Is (-2 - (-46137)/d)/(22/66) a composite number?
False
Suppose -3*y = 2*y - 55. Let n = 13 - y. Is 36/(-18) + 1/(n/358) prime?
False
Suppose 22 = 7*f - 5*f + 4*l, 44 = 4*f - 4*l. Let m(c) = f + 5*c + 50*c**2 - 41*c**2 + 3*c. Is m(-4) a composite number?
True
Is (250/(-375))/(4/(-1206714)) a prime number?
True
Let b be (-2)/11 - (-23)/(253/(-174)). Is b/56*-14 + 1*1930 a composite number?
True
Let v be 3 + ((-2)/(-5) - 58/(-5)). Is (-39505)/v*(-5)/(5/3) a prime number?
True
Let n(v) = 4807*v - 1134. Is n(11) composite?
True
Let y = 314126 - 68827. Is y prime?
True
Suppose 3*n = 6, -4*i - n + 9 = -5*i. Let y(c) = -c**3 + 10*c**2 + 11*c - 7. Is y(i) composite?
True
Let t be (-3)/(-1)*1 - 74725/49. Let b = 7794 + -11559. Let w = t - b. Is w prime?
True
Suppose -8*o - 163959 = -11*o - 5*q, 0 = -3*o + 3*q + 163983. Is o a prime number?
False
Let m = -527 + 189. Suppose -5*g - 1250 = -5*y, y - g = 4*g + 270. Let q = y - m. Is q a composite number?
True
Let t(m) = -m**2 - 10*m - 12. Let j be t(-6). Suppose j*f = 1022 - 314. Suppose f = z - 0. Is z a prime number?
True
Let q(t) = t**3 + 7*t**2 - 16*t + 51. Let l be q(-9). Is (-1 - 348/l)*-11 composite?
False
Let d = 1664402 + 483083. Is d a composite number?
True
Let c = 8 - 143. Is (-30)/c - 14911/(-9) composite?
False
Is 6/(-33) + 13073850/110 a composite number?
True
Suppose -2*i = -7*i - 1910. Let h = 107 + -848. Let x = i - h. Is x a prime number?
True
Let c = -46 + 31. Is 3/c*2 - 4401/(-15) prime?
True
Suppose -4*a = 4*a - 120. Is 1*9/a + 292/5 a prime number?
True
Is (-55968585)/(-2223) + (-4)/78 a composite number?
True
Is 203721/6 + 14/((-336)/(-36)) a prime number?
False
Let s(y) = 4*y**2 + 6 + 12*y + 7*y - 9*y**3 - 9*y + y**3 - 21. Is s(-4) a composite number?
False
Let f(k) = 139*k**2 - 16*k - 2. Let r = 239 - 232. Is f(r) composite?
True
Is 5 + 45/(-30)*-13204 a prime number?
False
Suppose -5*n = 3*r - 47818, 2*r - 28682 = -3*n - 2*r. Is n a prime number?
False
Let q be 154/30 + 6 + (-1196)/195. Suppose 5*u = -2*o + 14293, 7*u - 11*u = q*o - 35741. Is o composite?
True
Suppose -2077893 = -50*p + 47*p - n, 0 = 2*p - 2*n - 1385278. Is p a composite number?
True
Let a be (-1722)/90 - (-2)/15*1. Let l = a + 78. Is l prime?
True
Let p(w) = 201*w**3 + 19*w**2 - 10*w - 249. Is p(11) prime?
False
Let r(s) = s**3 - 3*s**2 + 2*s + 3. Let i be r(0). Suppose 5*j - 41048 = -i*m, -3*m = 6 - 9. Is j a prime number?
True
Let v(p) = -921*p + 13081. Is v(0) prime?
False
Suppose 138*j + 392535 = 2902893. Is j a prime number?
True
Let n = 228 + -223. Suppose -4*j - n*r = -10261, -36*r + 37*r = -3*j + 7682. Is j composite?
True
Suppose 0 = 161*j - 120*j - 29829181. Is j a composite number?
False
Let u be 170/45 + -4 - 40/(-18). Suppose 5*r = u*r + 2*r. Is -447*(r - (-2 - -3)) a prime number?
False
Suppose -149602 = -f + 3*m, 3*f + 2657*m - 2654*m = 448794. Is f a prime number?
False
Let w be (-1 - -7)*((-33)/(-9) + -3). Suppose -3*q - 35 = -5*u + 20, 4*q + 116 = -w*u. Is (-4)/20 + (-12180)/q a composite number?
False
Let j(d) = 7*d**2 + 7*d - 263. Let y be (-6)/(-8) - 34/(-8). Let z(p) = -6*p**2 - 6*p + 262. Let k(s) = y*j(s) + 6*z(s). Is k(0) a composite number?
False
Let s(d) = d**3 + 4*d**2 + 6. Let r be s(-3). Is ((-2739)/r)/(4/5 - 1) a composite number?
True
Let t = 18084 - 7657. Is t a composite number?
False
Let h(s) = 36*s + 12 - 7 + 36. Let k = 25 - 13. Is h(k) prime?
False
Let z(g) = -189*g + 919*g + 53*g + 10 + 21. Is z(5) composite?
True
Let k be 7/(-14) + 2/4. Suppose k = -7*y + 443431 - 12140. Is y composite?
False
Let x(u) = -2387*u - 2. Let c be x(-1). Let v = 2660 + c. Is v composite?
True
Let q(s) be the second derivative of -2954*s**3/3 + 47*s**2/2 + s - 55. Is q(-2) prime?
True
Is 73195 - 6 - (20/5 + -2 + 0) a composite number?
True
Let z = -9231 - -9439. Let w be ((-26)/1)/((-4)/(-10)). Let p = w + z. Is p prime?
False
Let p(b) = -7*b**3 + 7*b**2 - 34*b + 20. Let q be p(11). Let g = q + 17727. Is 